ousands digit of 1397986?
3
What is the units digit of 1480034?
4
What is the thousands digit of 7534872?
4
What is the units digit of 1120050?
0
What is the ten millions digit of 13990501?
1
What is the units digit of 1106634?
4
What is the ten thousands digit of 232818?
3
What is the thousands digit of 5046443?
6
What is the tens digit of 512968?
6
What is the ten thousands digit of 16676760?
7
What is the hundred thousands digit of 2265384?
2
What is the ten thousands digit of 370192?
7
What is the tens digit of 160696?
9
What is the thousands digit of 60244?
0
What is the hundreds digit of 1993294?
2
What is the hundreds digit of 749645?
6
What is the millions digit of 3182600?
3
What is the hundreds digit of 967424?
4
What is the ten thousands digit of 1131712?
3
What is the tens digit of 2409997?
9
What is the tens digit of 301125?
2
What is the ten thousands digit of 17896289?
9
What is the thousands digit of 70210?
0
What is the millions digit of 1678707?
1
What is the millions digit of 3073809?
3
What is the ten thousands digit of 1322127?
2
What is the ten thousands digit of 881855?
8
What is the hundreds digit of 570730?
7
What is the ten thousands digit of 429526?
2
What is the thousands digit of 1958882?
8
What is the tens digit of 2046915?
1
What is the hundred thousands digit of 125482?
1
What is the hundred thousands digit of 629395?
6
What is the units digit of 1876480?
0
What is the units digit of 246088?
8
What is the hundred thousands digit of 297633?
2
What is the thousands digit of 1296594?
6
What is the hundreds digit of 1908715?
7
What is the hundreds digit of 13493529?
5
What is the ten thousands digit of 181325?
8
What is the hundred thousands digit of 1494593?
4
What is the hundreds digit of 94026?
0
What is the hundred thousands digit of 140557?
1
What is the units digit of 12805727?
7
What is the units digit of 42210?
0
What is the tens digit of 1608644?
4
What is the tens digit of 222894?
9
What is the thousands digit of 2254717?
4
What is the tens digit of 780366?
6
What is the ten thousands digit of 1331310?
3
What is the thousands digit of 109652?
9
What is the units digit of 212872?
2
What is the hundred thousands digit of 11292692?
2
What is the millions digit of 8539870?
8
What is the tens digit of 228277?
7
What is the thousands digit of 5333296?
3
What is the tens digit of 9479?
7
What is the hundred thousands digit of 2401689?
4
What is the hundreds digit of 271556?
5
What is the hundreds digit of 248767?
7
What is the ten thousands digit of 537102?
3
What is the thousands digit of 33899?
3
What is the hundreds digit of 3693538?
5
What is the thousands digit of 2630831?
0
What is the thousands digit of 6360625?
0
What is the units digit of 3503661?
1
What is the units digit of 888537?
7
What is the hundred thousands digit of 114989?
1
What is the ten thousands digit of 1885493?
8
What is the millions digit of 9029801?
9
What is the hundreds digit of 28357832?
8
What is the units digit of 701064?
4
What is the thousands digit of 185500?
5
What is the thousands digit of 643884?
3
What is the units digit of 9332706?
6
What is the hundreds digit of 873?
8
What is the hundred thousands digit of 560170?
5
What is the tens digit of 609606?
0
What is the tens digit of 15829552?
5
What is the thousands digit of 3840596?
0
What is the units digit of 103528?
8
What is the thousands digit of 18190?
8
What is the hundred thousands digit of 520515?
5
What is the thousands digit of 1692494?
2
What is the hundred thousands digit of 13887353?
8
What is the units digit of 44563?
3
What is the hundreds digit of 10481084?
0
What is the tens digit of 97426?
2
What is the tens digit of 3643399?
9
What is the thousands digit of 9638115?
8
What is the thousands digit of 6575343?
5
What is the ten thousands digit of 2062507?
6
What is the millions digit of 14070198?
4
What is the tens digit of 4997934?
3
What is the ten thousands digit of 10949389?
4
What is the hundreds digit of 1192881?
8
What is the hundreds digit of 16507612?
6
What is the ten thousands digit of 3459218?
5
What is the hundreds digit of 96514?
5
What is the hundreds digit of 2018682?
6
What is the tens digit of 61276?
7
What is the hundred thousands digit of 991311?
9
What is the hundreds digit of 312819?
8
What is the millions digit of 4246296?
4
What is the hundreds digit of 233879?
8
What is the thousands digit of 2646?
2
What is the hundred thousands digit of 1128829?
1
What is the hundreds digit of 2015432?
4
What is the hundred thousands digit of 2781334?
7
What is the hundreds digit of 435541?
5
What is the ten thousands digit of 159987?
5
What is the thousands digit of 25064?
5
What is the hundred thousands digit of 177123?
1
What is the tens digit of 14597?
9
What is the units digit of 251605?
5
What is the thousands digit of 35877297?
7
What is the tens digit of 112593?
9
What is the ten thousands digit of 120685?
2
What is the units digit of 3344933?
3
What is the hundreds digit of 855753?
7
What is the hundreds digit of 11407916?
9
What is the units digit of 8309?
9
What is the thousands digit of 262780?
2
What is the ten thousands digit of 19245622?
4
What is the units digit of 142159?
9
What is the hundred thousands digit of 4332857?
3
What is the hundreds digit of 3055745?
7
What is the units digit of 29454075?
5
What is the hundred thousands digit of 187126?
1
What is the hundreds digit of 6309145?
1
What is the units digit of 6027921?
1
What is the tens digit of 43911539?
3
What is the hundred thousands digit of 11699324?
6
What is the hundreds digit of 297373?
3
What is the hundreds digit of 57034?
0
What is the hundreds digit of 1979610?
6
What is the tens digit of 512374?
7
What is the hundreds digit of 61359?
3
What is the ten thousands digit of 61703?
6
What is the hundreds digit of 1395689?
6
What is the units digit of 1914933?
3
What is the hundreds digit of 352474?
4
What is the ten thousands digit of 19478325?
7
What is the ten thousands digit of 7756997?
5
What is the ten thousands digit of 33496932?
9
What is the units digit of 89309?
9
What is the hundred thousands digit of 331026?
3
What is the millions digit of 10129779?
0
What is the ten thousands digit of 623730?
2
What is the ten thousands digit of 173118?
7
What is the hundreds digit of 237493?
4
What is the hundred thousands digit of 3932257?
9
What is the thousands digit of 1609402?
9
What is the millions digit of 6021196?
6
What is the units digit of 411850?
0
What is the units digit of 641993?
3
What is the tens digit of 526019?
1
What is the ten thousands digit of 277374?
7
What is the hundreds digit of 1495068?
0
What is the tens digit of 24613410?
1
What is the tens digit of 613686?
8
What is the tens digit of 3889524?
2
What is the thousands digit of 44839?
4
What is the millions digit of 2680401?
2
What is the hundreds digit of 199116?
1
What is the units digit of 308558?
8
What is the tens digit of 809712?
1
What is the units digit of 501686?
6
What is the hundreds digit of 153325?
3
What is the hundred thousands digit of 121656?
1
What is the tens digit of 1005422?
2
What is the ten thousands digit of 940023?
4
What is the units digit of 381399?
9
What is the hundreds digit of 631640?
6
What is the thousands digit of 159505?
9
What is the ten thousands digit of 206441?
0
What is the units digit of 252254?
4
What is the hundreds digit of 2731697?
6
What is the units digit of 944999?
9
What is the tens digit of 4905359?
5
What is the tens digit of 2397115?
1
What is the units digit of 2061015?
5
What is the units digit of 785818?
8
What is the units digit of 215047?
7
What is the ten thousands digit of 2174538?
7
What is the ten thousands digit of 885586?
8
What is the tens digit of 4600816?
1
What is the millions digit of 6331946?
6
What is the ten thousands digit of 96909?
9
What is the hundreds digit of 203964?
9
What is the ten thousands digit of 632752?
3
What is the ten millions digit of 15385532?
1
What is the units digit of 2806665?
5
What is the millions digit of 9903789?
9
What is the tens digit of 4549579?
7
What is the millions digit of 1159850?
1
What is the hundreds digit of 76471?
4
What is the millions digit of 1570447?
1
What is the thousands di